78?
208
What is the remainder when 106807 is divided by 828?
823
What is the remainder when 35477 is divided by 3222?
35
What is the remainder when 4841668 is divided by 1194?
1192
What is the remainder when 366 is divided by 183?
0
Calculate the remainder when 2231 is divided by 529.
115
What is the remainder when 1653 is divided by 464?
261
What is the remainder when 134538 is divided by 33?
30
What is the remainder when 8536 is divided by 208?
8
Calculate the remainder when 88745 is divided by 14789.
11
What is the remainder when 83139 is divided by 31?
28
Calculate the remainder when 3149 is divided by 251.
137
What is the remainder when 79996 is divided by 96?
28
What is the remainder when 4547 is divided by 2162?
223
Calculate the remainder when 66309 is divided by 42.
33
What is the remainder when 53896 is divided by 10764?
76
What is the remainder when 579032 is divided by 376?
368
Calculate the remainder when 547545 is divided by 206.
203
What is the remainder when 201201 is divided by 100599?
3
What is the remainder when 48810 is divided by 474?
462
What is the remainder when 131413 is divided by 17?
3
What is the remainder when 18741 is divided by 163?
159
What is the remainder when 2163 is divided by 837?
489
Calculate the remainder when 7757 is divided by 1923.
65
What is the remainder when 357290 is divided by 13?
11
What is the remainder when 29897 is divided by 134?
15
What is the remainder when 407 is divided by 281?
126
Calculate the remainder when 27636 is divided by 2090.
466
Calculate the remainder when 13360 is divided by 704.
688
What is the remainder when 183013 is divided by 304?
5
Calculate the remainder when 28639 is divided by 186.
181
What is the remainder when 60605 is divided by 117?
116
What is the remainder when 21356 is divided by 166?
108
Calculate the remainder when 3210284 is divided by 39.
38
Calculate the remainder when 188072 is divided by 88.
16
What is the remainder when 236 is divided by 143?
93
What is the remainder when 126462 is divided by 30?
12
Calculate the remainder when 8692 is divided by 582.
544
What is the remainder when 5462 is divided by 128?
86
What is the remainder when 175522 is divided by 25?
22
Calculate the remainder when 46920 is divided by 15639.
3
Calculate the remainder when 6899 is divided by 78.
35
What is the remainder when 12267 is divided by 251?
219
Calculate the remainder when 10896 is divided by 202.
190
What is the remainder when 1030 is divided by 196?
50
What is the remainder when 6304 is divided by 233?
13
Calculate the remainder when 19582 is divided by 6515.
37
What is the remainder when 677 is divided by 366?
311
Calculate the remainder when 302751 is divided by 304.
271
Calculate the remainder when 74326 is divided by 18535.
186
Calculate the remainder when 3419 is divided by 220.
119
Calculate the remainder when 578608 is divided by 45.
43
What is the remainder when 371756 is divided by 538?
536
Calculate the remainder when 22344 is divided by 748.
652
What is the remainder when 1118 is divided by 891?
227
What is the remainder when 2104 is divided by 153?
115
What is the remainder when 7903 is divided by 12?
7
What is the remainder when 165042 is divided by 82510?
22
Calculate the remainder when 1779 is divided by 649.
481
What is the remainder when 200 is divided by 44?
24
Calculate the remainder when 63537 is divided by 104.
97
Calculate the remainder when 1261 is divided by 362.
175
What is the remainder when 5220 is divided by 216?
36
What is the remainder when 3020486 is divided by 19?
18
Calculate the remainder when 34687 is divided by 123.
1
Calculate the remainder when 3645 is divided by 54.
27
What is the remainder when 197962 is divided by 52?
50
Calculate the remainder when 1517432 is divided by 997.
995
What is the remainder when 4207 is divided by 1113?
868
What is the remainder when 8534 is divided by 709?
26
Calculate the remainder when 8750865 is divided by 266.
263
Calculate the remainder when 33288 is divided by 273.
255
What is the remainder when 10104 is divided by 1682?
12
What is the remainder when 31368 is divided by 67?
12
What is the remainder when 8525 is divided by 106?
45
Calculate the remainder when 13793 is divided by 4572.
77
What is the remainder when 18232 is divided by 456?
448
What is the remainder when 288292 is divided by 17?
6
What is the remainder when 20123 is divided by 1995?
173
What is the remainder when 198059 is divided by 16503?
23
Calculate the remainder when 8299 is divided by 714.
445
Calculate the remainder when 19917 is divided by 3795.
942
Calculate the remainder when 780 is divided by 749.
31
Calculate the remainder when 298046 is divided by 12418.
14
Calculate the remainder when 1134 is divided by 270.
54
Calculate the remainder when 35017 is divided by 34.
31
Calculate the remainder when 536162 is divided by 622.
620
Calculate the remainder when 4564 is divided by 286.
274
What is the remainder when 21643 is divided by 569?
21
Calculate the remainder when 2713 is divided by 2668.
45
What is the remainder when 30904 is divided by 57?
10
What is the remainder when 69703 is divided by 13939?
8
What is the remainder when 20237 is divided by 120?
77
Calculate the remainder when 77345 is divided by 241.
225
Calculate the remainder when 18926 is divided by 449.
68
What is the remainder when 28062 is divided by 563?
475
What is the remainder when 155193 is divided by 81?
78
What is the remainder when 217695 is divided by 8?
7
What is the remainder when 131375 is divided by 26?
23
What is the remainder when 41057 is divided by 2050?
57
Calculate the remainder when 1087797 is divided by 105.
102
What is the remainder when 1286 is divided by 3?
2
Calculate the remainder when 7449 is divided by 94.
23
What is the remainder when 25306 is divided by 1942?
60
What is the remainder when 18645 is divided by 4403?
1033
Calculate the remainder when 7020 is divided by 2160.
540
Calculate the remainder when 10635 is divided by 1.
0
Calculate the remainder when 22828 is divided by 41.
32
What is the remainder when 6428 is divided by 2137?
17
What is the remainder when 2545 is divided by 862?
821
Calculate the remainder when 4415 is divided by 9.
5
What is the remainder when 4802 is divided by 681?
35
Calculate the remainder when 4132 is divided by 1347.
91
What is the remainder when 6997 is divided by 381?
139
What is the remainder when 2859 is divided by 106?
103
Calculate the remainder when 4069 is divided by 1087.
808
Calculate the remainder when 16922 is divided by 888.
50
What is the remainder when 90633 is divided by 83?
80
What is the remainder when 2930 is divided by 414?
32
What is the remainder when 83078 is divided by 10?
8
Calculate the remainder when 29015 is divided by 124.
123
Calculate the remainder when 1604 is divided by 62.
54
Calculate the remainder when 40390 is divided by 295.
270
Calculate the remainder when 6580 is divided by 500.
80
Calculate the remainder when 33140 is divided by 144.
20
What is the remainder when 8691 is divided by 1114?
893
What is the remainder when 24890 is divided by 202?
44
What is the remainder when 232521 is divided by 58129?
5
What is the remainder when 50306 is divided by 30?
26
Calculate the remainder when 1547389 is divided by 128.
125
What is the remainder when 822 is divided by 304?
214
Calculate the remainder when 3859 is divided by 640.
19
Calculate the remainder when 193963 is divided by 33.
22
Calculate the remainder when 1149658 is divided by 108.
106
What is the remainder when 1985568 is divided by 1376?
0
Calculate the remainder when 10031 is divided by 2446.
247
Calculate the remainder when 378 is divided by 183.
12
What is the remainder when 48613 is divided by 23?
14
What is the remainder when 145 is divided by 59?
27
Calculate the remainder when 4343 is divided by 1055.
123
What is the remainder when 695117 is divided by 20?
17
What is the remainder when 2177 is divided by 1066?
45
Calculate the remainder when 21260 is divided by 597.
365
Calculate the remainder when 79910 is divided by 141.
104
Calculate the remainder when 18078 is divided by 56.
46
Calculate the remainder when 15754 is divided by 78.
76
What is the remainder when 623 is divided by 271?
81